1. What is p(j)?
-3
Let t(o) = o**3 + 5*o**2 + 118*o + 586. Let i be t(-5). Let m(k) = k - 12. Determine m(i).
-16
Suppose 2*i = u - 3, -i + 9 = 3*i + 3*u. Let b be 1/3 - i - (-12)/(-9). Let q(h) = -40*h**2 - 37*h**2 + 130*h**2 + h - 45*h**2. Determine q(b).
7
Let y(d) = -2*d**3 - 17*d**2 - 18*d - 7. Let x be y(-6). Let v = -78 - x. Let o(u) = -4*u**3 + 2*u - 1. What is o(v)?
-3
Suppose -4*h - 3*q = -0*q - 31, 2*h + 17 = 5*q. Let y be h/(-14) + 208/91. Suppose -p - y + 0 = 0. Let v(i) = -i**3 + i**2 + i. What is v(p)?
10
Suppose 3*w + 3*w = 0. Suppose -b + 1 + 3 = w. Let v(o) = 0*o + 2*o - b*o - 10 + 7. Give v(-4).
5
Suppose 2*i = -2*w, -3*w + 8*w = 2*i + 14. Suppose 4 = y - w. Let c(z) = z**3 - 6*z**2 + 2*z. Calculate c(y).
12
Let j(s) = -s**3 - s**2 + s + 14. Let f(v) = 25*v - 96. Let n be f(4). Suppose 5*c - 2*l - n = 3*c, 10 = 3*c - 5*l. Determine j(c).
14
Suppose -2*n - 9 = -3*j - 43, -j - 2*n = 22. Let x(v) = -v**3 - 12*v**2 + 28*v + 8. What is x(j)?
8
Let k(t) = t**3 + 57*t**2 - 182*t - 114. Let r be k(-60). Let z(b) = -b**3 + 5*b**2 + 2*b - 17. Calculate z(r).
-41
Suppose -1644 = -i - 1650. Let c(n) = -8*n**2 - 5*n + 4 - 3*n - n**3 - 5 - n. Give c(i).
-19
Let v(s) = s - 9. Let f = 50 - 16. Let h = 52 - f. Let i(t) = -2*t + 43. Let o be i(h). Give v(o).
-2
Suppose 0 = 5*v + 27 - 12. Let u be (4 + v)*1 - 0 - -1. Let s(i) = 11*i - 20*i - i**2 + 11 + 2*i**u + 1. Calculate s(8).
4
Let o(i) = i**2 + 6*i + 8. Let y = -1230 + 1224. What is o(y)?
8
Let l(u) be the second derivative of -u**3/6 - u**2/2 - u. Suppose -17*v = -2*r - 19*v - 10, 4*r + 5 = -v. Calculate l(r).
-1
Let d(f) = 44086 + 11*f - 88275 + 44065. Calculate d(12).
8
Let o(u) be the second derivative of -7*u**3/6 + 21*u**2 + 1931*u. Determine o(0).
42
Suppose 23*u - 1761 = 3483. Let f = -229 + u. Let w(m) = 6*m + 1. Calculate w(f).
-5
Let h be 6*(5/(-3))/((-22)/44). Let q(c) = -5*c - 3. Let i be q(3). Let x = i + h. Let b(p) = p**3 - 3*p**2 + 3*p - 1. Give b(x).
1
Suppose -2*v = 5*w - 39, -16*v = -21*v + 2*w - 4. Let h(t) = -3 + 4 + 3 - 6 - t**2 + 3*t. Give h(v).
0
Let k(d) = 6*d**2 + 5*d - 6. Let p(a) = a**2 + 10*a - 1. Let i(m) = k(m) - 4*p(m). What is i(18)?
16
Let i(f) = f**2 + 8*f + 5. Suppose 3*o + 3*o = 12. Let u be (10 - 2)/o - -7. Suppose -3 = 3*h - 2*w + u, 2*h = 3*w - 6. Determine i(h).
-7
Let j(i) be the first derivative of i**2 + 35*i - 4342. Give j(-18).
-1
Let i(q) = -2*q - 1. Let r(d) = d + 1. Let p(s) = -6*i(s) - 11*r(s). Suppose x - 3*b = -12, 4*b - 63 + 15 = -4*x. Determine p(x).
1
Let q(r) be the second derivative of -r**5/20 + r**4/3 + 2*r**3/3 - r**2 + 4*r. Let a be (16 - 13) + (13 - (1 + 0)). Let l be (-3)/(-3 - 6)*a. Give q(l).
-7
Let u(r) be the third derivative of -r**5/60 + r**3/6 + 2*r**2 + 124*r. Suppose 2*b = -3*b + 10. Give u(b).
-3
Let p(d) = -d + 2. Suppose v - 4*z = -0*z - 106, 4*v = -3*z - 500. Let k = 123 + v. Calculate p(k).
1
Let p(k) = 16871*k - 8409*k - 353 - 8343*k. What is p(3)?
4
Let f(z) = -15*z**3 - 5*z**2 + 8*z - 46. Let s(i) = -68*i**3 - 19*i**2 + 32*i - 182. Let b(w) = 9*f(w) - 2*s(w). Determine b(7).
6
Let p(y) = 26*y + 15. Let o(x) = 9*x + 1. Let g(j) = -3*o(j) + p(j). Suppose -4*s - 2*f = 4, -4*s + 2*f + 10 = -3*f. Determine g(s).
12
Let v(p) = p - 3. Suppose -5*a + 9 = -2*n, -5*a - 2*n + 30 = 3*n. Suppose -u + 2*u - 19 = -a*g, -11 = -g - 5*u. Determine v(g).
3
Suppose -10253 + 10298 = -9*y. Let p(f) = -f + 6. Let n(d) = -2*d + 12. Let u(z) = 4*n(z) - 9*p(z). Determine u(y).
-11
Suppose -2*v - 6 = v + 3*g, 3*v - g = -6. Let k(m) be the second derivative of -7*m**3/3 - m**2 - 15*m. Calculate k(v).
26
Suppose 3*v + 2*y = 20, -22*v + 5*y + 50 = -17*v. Let m(h) = -h**3 + 6*h - 8*h - 2 + 8*h**2 - 1 + 7. Give m(v).
-12
Let b be 595/(-55) - 3*6/99. Let p(f) = -f**3 - 10*f**2 + 10*f - 2. Give p(b).
9
Let a(h) = -2 - 42*h + 12*h + 14*h + 17*h. Let x = -8 - -2. Let d = -12 - x. Determine a(d).
-8
Let d(m) = 133*m - 4914. Let x be d(37). Let o = -6 + 11. Let c(k) = -6*k**2 + 2*k - 12. Let v(h) = -h**2 - h - 1. Let l(i) = o*v(i) - c(i). Give l(x).
7
Let x(d) be the second derivative of d**5/30 - 5*d**4/24 + d**3/6 - 12*d**2 + 53*d. Let q(p) be the first derivative of x(p). What is q(4)?
13
Suppose 4*o = 17 - 9. Suppose -3*w = w + 4*d + 40, 4*d + 10 = -o*w. Let n(m) = -m**3 - 14*m**2 + 15*m. Calculate n(w).
0
Let v = 63 + -38. Let l = -25 + v. Let o(z) = z**2 - z**3 - 2 + 3*z**2 + z + l - 3*z. Calculate o(3).
1
Let d be (23/161)/(2/28). Let r(n) = -16*n + 34. Determine r(d).
2
Let t(h) be the third derivative of -h**5/60 - 13*h**4/4 - 51*h**3/2 + 2*h**2 + 2*h + 975. Calculate t(-2).
-1
Let h(q) be the first derivative of 1/20*q**5 + 4/3*q**3 + 3/2*q**2 + 6*q + 19 + 7/12*q**4. Let p(t) be the first derivative of h(t). Determine p(-6).
-9
Let s = 496 + -430. Let q(f) = -126*f - 4 + 63*f + s*f. Determine q(-3).
-13
Let m(r) = -2*r + 1. Suppose 0 = -2144*z + 2118*z + 208. Calculate m(z).
-15
Let i(f) be the second derivative of f**7/2520 - f**6/240 - f**5/10 + 89*f**4/12 + 25*f. Let v(u) be the third derivative of i(u). Determine v(6).
6
Let s(d) be the third derivative of -d**5/60 - d**4/6 - 2*d**3/3 + 7*d**2 + 33*d. What is s(-4)?
-4
Let d(h) = 16 + 11 + h + 10 + 18 - 66. What is d(-5)?
-16
Suppose 0 = -2*j - 1 - 9. Let v(r) be the third derivative of -7/24*r**4 - 1/60*r**5 + r**2 + 0*r - 98 - 1/6*r**3. What is v(j)?
9
Let o(z) = -23 + 262 - 35 + 17*z. What is o(-12)?
0
Let k(r) be the first derivative of -2*r**3/3 + 23*r**2/2 + 38*r + 92. Let w(g) = -3*g**2 + 34*g + 57. Let t(y) = 8*k(y) - 5*w(y). Calculate t(15).
4
Let u(f) = 3*f + 2. Suppose -27*g + 429 + 1002 = 0. Let j be 18/22 + 5 + g/(-11). What is u(j)?
5
Let u(x) be the second derivative of -x**4/24 + x**3 + 48*x**2 - 16*x. Let m(r) be the first derivative of u(r). Calculate m(6).
0
Let u(o) be the first derivative of o**2 + 58*o + 8723. Determine u(-14).
30
Let r(q) = 7*q - 1. Let z be 133/6 - (170/60)/17. Suppose 20*j = 9*j - z. Calculate r(j).
-15
Suppose -12*w - 5*i = -17*w + 20, 5*w + 3*i = 4. Let g(s) = 18*s + 1. Calculate g(w).
37
Let f(v) = -7*v**3 - 34*v**2 - 19*v + 52. Let n(g) = -3*g**3 - 16*g**2 - 9*g + 26. Let y(t) = -4*f(t) + 9*n(t). Determine y(8).
-14
Let k(i) be the third derivative of 0 - i**2 + 0*i - 1/24*i**4 - 1/3*i**3. Let b be (6 + (-28)/(-36) + 6/27)/1. Calculate k(b).
-9
Let g(h) = -h**3 + 9*h**2 - 11*h + 1. Let i(k) = 11*k + 40. Let y be i(-5). Let z be 18/15*(-100)/y. Give g(z).
-23
Let h(t) = -21*t + 273. Let x(c) = -11*c + 170. Let j(u) = -3*h(u) + 5*x(u). Determine j(-8).
-33
Let l = 483 + -432. Let x(u) = -u - 23 + l - 28 + 32*u**2. Calculate x(1).
31
Let a(g) = 17*g**3 - 32*g**3 + 15*g + 27 - 94*g**2 + 14*g**3 + 178*g**2 - 96*g**2. What is a(-13)?
1
Let b(a) = a**3 + 8*a**2 - 5. Suppose 7*v + 23 = -33. Determine b(v).
-5
Let a(h) = 26*h**2 - 25*h**2 - 26*h - 398 - 378 + 729. What is a(28)?
9
Suppose 5*a = -3*w - 0 - 5, -w + 4*a - 13 = 0. Let i(q) = 2*q + 12. Let d be i(w). Let u(p) = 1. Let n(z) = -2*z - 2. Let k(x) = d*u(x) + n(x). Give k(3).
-6
Let d(u) = 2*u**3 + 5*u**2 + 17*u + 8. Let i(y) = 5*y**3 + 17*y**2 + 50*y + 26. Let t(h) = -8*d(h) + 3*i(h). Calculate t(12).
38
Let w(r) = r + 8. Suppose -13*h + 17*h - 20 = 0. Suppose 26 - 81 = -h*z. Suppose z*i - 12*i = 0. Determine w(i).
8
Suppose 2*t = -4*f, f = 6*f - 5*t - 15. Let h(b) = -54*b**3 - b**2 + b - 1. What is h(f)?
-55
Let p(y) = -16 - 230*y + 424*y - 182*y. Determine p(-11).
-148
Let y(x) = x**3 - 4*x**2 + 2*x + 1. Let s be y(4). Let m(g) = 18 - 4 - g**2 + 9*g - 3*g - 6 - 3 + 3*g. Determine m(s).
5
Let q be ((-36)/30)/((-4)/(-10)). Let o(w) be the third derivative of -7*w**4/24 + 2*w**3/3 + w**2 - 12. Calculate o(q).
25
Let x(y) be the third derivative of 11*y**4/12 - 7*y**3/6 - 2598*y**2. Calculate x(1).
15
Let j(b) = -b**2 - 22*b - 36. Let x be 5/(-3) - 580/30. Give j(x).
-15
Let k(n) = -9 + 19*n + 21 - 26*n**2 + 27*n**2. Let z be k(-18). Let i(y) = -5*y + y + 1125*y**2 - 1119*y**2 + y**3 + 2*y + 2 + y. Calculate i(z).
8
Suppose -3*f - 17 = 15 + 28. Let o(b) = b**3 + 18*b**2 - 38*b + 21. Determine o(f).
-19
Let d(z) = z**3 + 7*z**2 + 4*z + 3. Let f(r) = -5*r**2 - 20. Let l(c) = c**2 + 2*c. Let u(t) = f(t) + 4*l(t). Let n be u(5). Give d(n).
33
Let g be 6 + (3 - 55/20 - (-2)/(-8)). Suppose